 - 6*y**2 + 4. Let l be v(6). Suppose l - 14 = 5*o. What is the tens digit of (7 + -4 + o)*11?
1
Let w = 255 + -110. What is the tens digit of w?
4
Suppose -952 = -2*v - 5*t, -v - 1848 = -5*v + 4*t. What is the hundreds digit of v?
4
Suppose -b - 3*l = -171, 0 = -5*b + 5*l + 923 - 128. Let g = b + -106. What is the tens digit of g?
5
Let l(h) = 15*h**2 - 10*h - 26. What is the units digit of l(-5)?
9
Let r(g) = -g**2 - 197*g + 21. What is the units digit of r(-16)?
7
What is the hundreds digit of 676 + 3/(((-54)/(-15))/6)?
6
Let h be 2 - (-1 + 0) - -1. Suppose 4*l + 4*g = 0, -l - 1 = -5*g - 25. Suppose -2 = -h*p + 5*u, -l*u = p - 2*u - 7. What is the units digit of p?
3
Let q = -693 - -1146. What is the units digit of q?
3
Suppose 2*f - h = 465, 2*f - 257 - 188 = 5*h. Suppose f = 5*x + a + 4*a, -3*a + 98 = 2*x. What is the units digit of x?
3
Suppose -3*r - 9 = 9. Let p be 14/6*(-3 - r). Suppose -2*u + p = -u. What is the units digit of u?
7
Let u = -20 - -23. Suppose -119 = -4*f - u*t, -f + 111 = 3*f - 5*t. What is the tens digit of f?
2
What is the tens digit of (17/((-102)/460))/((-4)/162)?
0
Let p = 16 - 10. Suppose -3*t + 4*j + 6 = 0, -p*t + 2*t + 8 = -j. Suppose 2*d - t*x = -3 - 1, 2*d + 2*x = 8. What is the units digit of d?
1
Let b(u) = -u**3 - 6*u**2 + 7*u + 6. Let f be b(-7). Suppose -c = -17 - f. Let d = c - 2. What is the tens digit of d?
2
Suppose c - 49 = -54. What is the units digit of -2 + 2 + 11 + 25/c?
6
Let n(y) = -22*y - 4. Let j be n(-1). Suppose -2*a + j - 14 = 0. What is the units digit of a?
2
Suppose -5*p + 2*h = -63, 32 + 2 = 2*p - 3*h. Suppose 5*q + p = 231. What is the units digit of q?
4
Suppose -5*j = -3*a - 21 + 356, 2*a = -2*j + 218. What is the hundreds digit of a?
1
Suppose 24*x + 4*d - 8393 = 21*x, -5598 = -2*x - 2*d. What is the hundreds digit of x?
8
Let z(k) = k**2 - k + 1. Suppose -f = f - 4. Let l be z(f). Suppose 46 = l*h - 35. What is the tens digit of h?
2
Let g = -23 - -35. Let d = g + 4. What is the units digit of 2/(-2)*(-3 - d)?
9
Suppose -8*q + 855 = q. What is the tens digit of q?
9
Let r(k) = -57*k + 623. What is the units digit of r(-14)?
1
Suppose -2*j - 9 = -4*v - 5*j, 7 = 2*v - j. Let t(w) = -w**2 - 13*w - 9*w + 0*w + v*w - 19. What is the units digit of t(-14)?
1
Let j be ((-8)/(-5) - 2) + (-609)/(-35). Let m(q) = q**2 - 6*q - 2. Let d be m(8). Suppose 3*h = -o - d, 3*o - o - j = 3*h. What is the units digit of o?
1
What is the hundreds digit of (-2 - (-17)/(-3))/((-2)/270)?
0
Suppose 85*l = -2*h + 84*l + 7186, l + 3596 = h. What is the thousands digit of h?
3
Let y be ((-6)/15)/(1/(-5)). Suppose y*v + v = 291. Suppose 0 = 3*z + 2*b - 45, 0*z - 4*b = -5*z + v. What is the tens digit of z?
1
Suppose 4*k - 3*k - 335 = 0. Suppose 0*f + f - k = 0. Suppose 9*y = 4*y + f. What is the units digit of y?
7
Let s(t) = t**3 - t**2 + 2*t + 4. Let x be s(0). What is the hundreds digit of -5*4/x - -218?
2
Suppose f - 4*j - 5787 = 0, 5*f = -5*j - 14127 + 43162. What is the thousands digit of f?
5
Suppose 2*j - 93 = -3*d, 0*j - 47 = -j - 2*d. Let g = j + -40. Let a = 10 - g. What is the units digit of a?
5
Suppose -34*o + 24 = -33*o. Let v be 0*-2*2/8. Suppose r + 2*c + 0*c - o = v, 3*c = -2*r + 43. What is the tens digit of r?
1
Suppose -t - 3*f = -1135, -5*t - 143 + 5798 = 5*f. What is the hundreds digit of t?
1
Let u(o) = o**3 + o**2 - 9*o + 93. What is the hundreds digit of u(7)?
4
What is the units digit of 4 + 2379 + 36/12?
6
What is the tens digit of (-5 - 1) + (-31)/(93/(-600))?
9
Let i(u) = -u + 1 - 2*u + u + 0. What is the units digit of i(-4)?
9
Suppose -5*q + 8051 = b, -2*q = 2*b - 2586 - 628. What is the thousands digit of q?
1
What is the hundreds digit of 5355 - (104/80 + (-9)/30)?
3
Let l = -278 - -389. Let y = l - 64. What is the units digit of y?
7
Let k = 6086 - 4245. What is the tens digit of k?
4
Let u(t) = -t**2 - 6*t - 7. Let p be u(-3). Suppose -9 = -p*q + s, 3*q - 12 - 3 = 2*s. Suppose j = d - 2*d + 34, -q*j + 15 = 0. What is the tens digit of d?
2
Let m = -372 + 590. What is the units digit of m?
8
Suppose 4*k - n = 7948, n = 127*k - 122*k - 9936. What is the hundreds digit of k?
9
Let m be -4 + (3522/4 - 5/10). Suppose b = -5*b + m. What is the units digit of b?
6
Suppose -4*n + 9*n = 0, 5*q + 5*n = -30. Let b = 13 + q. What is the units digit of b?
7
Suppose 29 = v + 3. What is the hundreds digit of 8*v - -4 - 2?
2
Let g(w) = -w**3 + 11*w**2 - 7*w - 3. Let s be g(8). Let y = s - 67. What is the units digit of y?
6
Suppose 3*o - 3*n = 2561 - 467, 4*n = -2*o + 1366. What is the tens digit of o?
9
What is the tens digit of (-6 - -3)*934*(-1)/2?
0
What is the hundreds digit of ((-110)/(-44) + (-4)/2)*784?
3
Suppose 3*w - 3649 = -2*r, 10*r - 7*r + 12 = 0. What is the thousands digit of w?
1
Let v be -36*112/12*(-6)/(-21). Let a = v - -191. What is the tens digit of a?
9
Let c(i) = -20 + 7 + 2*i**2 - 3*i**2 + 11*i. Let g be c(9). Suppose 3*u = 10 + g. What is the units digit of u?
5
Suppose 4*b = -4*s + 5420, 2*b = -4*s + 2244 + 3172. What is the tens digit of s?
5
Let t(f) = -f**3 + 15*f**2 - 16*f - 13. What is the tens digit of t(10)?
2
Let c be (-38)/(-5) - (-8)/20. Let n(m) = -m**3 + 8*m**2 + 5*m + 7. What is the tens digit of n(c)?
4
Suppose -2*w + 279 = -a, -2*w + 2*a = 3*w - 695. Let o = w - 87. What is the units digit of o?
0
Suppose -5*m = -3*m. Suppose -s = -m*s - 18. What is the tens digit of s?
1
Suppose 2*z = 5*u + 3822, z = 4*z + 5*u - 5683. What is the tens digit of z?
0
What is the hundreds digit of ((-2038)/(-5))/((-21)/(-15) - 1)?
0
Suppose -3*y + 3*n = 9, 0 = -3*y + 3*n + n - 13. What is the units digit of (-12)/6 + 33/y?
1
Let h(z) = -2*z - 10. Let x(u) = u**2 - 3*u + 2. Let w be x(2). Suppose -2*d = -b - 17 + 2, w = -b - d - 3. What is the units digit of h(b)?
4
Let f(x) = 160*x**2 - 20*x + 10. What is the hundreds digit of f(4)?
4
Let l(o) = -o**2 + 16*o + 2. Let i be l(16). Suppose 2 = g - i. Suppose -2*h + 32 = 3*q, 4*h - 68 + g = -5*q. What is the tens digit of h?
1
What is the tens digit of (38040/27)/5 - (-2)/9?
8
Suppose -15*t + t = -17682. What is the units digit of t?
3
Suppose 2*f = 2*y - 2, 5*y + 3*f - 35 = 2*f. Let k(p) = p**3 - 7*p**2 - 5*p + 9. Let t be k(y). Let j = -39 - t. What is the tens digit of j?
1
Let z = 30 + -29. What is the hundreds digit of (14 - z)/((-84)/(-40) - 2)?
1
What is the tens digit of 151*(6/(-24))/((-5)/220)?
6
Suppose 919 = o - 48. What is the units digit of o?
7
What is the hundreds digit of (2/4 - (-26)/12)*324?
8
Let t(z) = -2*z + 15. Let h(b) = -2*b + 14. Let f(w) = -4*h(w) + 3*t(w). Let j be f(5). What is the units digit of ((-6)/6)/(j/40)?
0
What is the thousands digit of 4/(-30) - ((-418540)/300 + 10)?
1
Suppose 3*m + 3*m = 3*m. Suppose -2*x + 134 + 146 = 4*y, -5*x - 4*y + 688 = m. What is the hundreds digit of x?
1
What is the units digit of 117/26 - 32935/(-10)?
8
Suppose 0*b + 15 = -3*b. Let v(m) = 5*m**2 - 15*m - 5. Let q(u) = 3*u**2 - 10*u - 3. Let i(p) = 8*q(p) - 5*v(p). What is the units digit of i(b)?
1
Let h = -178 + 379. Let g = 355 - h. What is the units digit of g?
4
Suppose 2*c - 3556 = -o, -4*o = c + 1602 - 15812. What is the units digit of o?
2
Let i be (-74)/(4 - (7 - 2)). Let h be -2*(-2 + 1) - 39. Let j = i + h. What is the units digit of j?
7
Let i be (2/(-4))/(2/52). Suppose 4*q = 3*y - 71, 3*q + 5*y + 17 = -0*y. Let l = i - q. What is the units digit of l?
1
Let f(n) = -4*n**3 + 3*n - 4. Suppose 3 + 10 = -3*b - 2*z, b + 3*z + 9 = 0. What is the tens digit of f(b)?
9
Let l(m) = -m**2 + 6*m - 2. Let q be l(5). Suppose -13 = -q*n + 3*p - 2*p, 2*p + 2 = 0. Suppose -n - 4 = -4*t, 2*t = -2*w + 50. What is the tens digit of w?
2
Suppose -d + 82 = 12. Suppose -l + 15 = -d. What is the tens digit of l?
8
Suppose 10*z = 6*z + 23184. Let i be z/153 - (-4)/34. What is the tens digit of i + -1 + 1 - 4?
3
Suppose -3*z - 24 = -114. What is the units digit of 386/4 + 45/z?
8
What is the units digit of 4612/20 + (-8)/(-20)?
1
Suppose 17015 = 10*y - 17925. What is the hundreds digit of y?
4
Suppose -p + 5 = -0*p. Suppose -p*d = -4*r + 191, 0*d + 4*d = 20. What is the tens digit of r?
5
Let x = 21 + -19. Suppose 86 = x*l - 2. What is the tens digit of l?
4
Let g(n) = -n**2 - 5*n - 2. Let r be g(-3). Suppose -2